s the units digit of 375?
5
What is the tens digit of 955?
5
What is the units digit of 5623?
3
What is the thousands digit of 1388?
1
What is the units digit of 23119?
9
What is the hundreds digit of 88162?
1
What is the ten thousands digit of 18082?
1
What is the units digit of 2456?
6
What is the tens digit of 274?
7
What is the tens digit of 837?
3
What is the units digit of 7572?
2
What is the units digit of 9736?
6
What is the units digit of 4187?
7
What is the units digit of 43578?
8
What is the hundreds digit of 2032?
0
What is the tens digit of 603?
0
What is the units digit of 794?
4
What is the tens digit of 130323?
2
What is the units digit of 33223?
3
What is the thousands digit of 134715?
4
What is the units digit of 53338?
8
What is the thousands digit of 3395?
3
What is the tens digit of 1585?
8
What is the tens digit of 17148?
4
What is the tens digit of 1016?
1
What is the thousands digit of 93525?
3
What is the hundreds digit of 8953?
9
What is the hundreds digit of 12519?
5
What is the hundreds digit of 79279?
2
What is the hundreds digit of 131?
1
What is the units digit of 3730?
0
What is the units digit of 70?
0
What is the tens digit of 26419?
1
What is the units digit of 7233?
3
What is the units digit of 42747?
7
What is the tens digit of 1548?
4
What is the units digit of 2292?
2
What is the tens digit of 241?
4
What is the hundreds digit of 23211?
2
What is the hundreds digit of 2293?
2
What is the tens digit of 18637?
3
What is the units digit of 716?
6
What is the units digit of 7663?
3
What is the units digit of 2801?
1
What is the units digit of 3646?
6
What is the hundreds digit of 892?
8
What is the thousands digit of 87383?
7
What is the hundreds digit of 859?
8
What is the ten thousands digit of 60679?
6
What is the tens digit of 43774?
7
What is the units digit of 15911?
1
What is the thousands digit of 1284?
1
What is the tens digit of 35980?
8
What is the hundreds digit of 50853?
8
What is the units digit of 1110?
0
What is the ten thousands digit of 39502?
3
What is the hundreds digit of 85999?
9
What is the thousands digit of 2069?
2
What is the hundreds digit of 1459?
4
What is the units digit of 566?
6
What is the tens digit of 511?
1
What is the hundreds digit of 52472?
4
What is the units digit of 35?
5
What is the tens digit of 36757?
5
What is the units digit of 15636?
6
What is the tens digit of 221?
2
What is the thousands digit of 63701?
3
What is the hundreds digit of 25556?
5
What is the hundreds digit of 1576?
5
What is the units digit of 37?
7
What is the thousands digit of 17074?
7
What is the hundreds digit of 37123?
1
What is the hundreds digit of 5075?
0
What is the hundreds digit of 3499?
4
What is the tens digit of 1142?
4
What is the thousands digit of 1403?
1
What is the units digit of 2138?
8
What is the thousands digit of 5132?
5
What is the ten thousands digit of 15366?
1
What is the thousands digit of 12803?
2
What is the units digit of 701?
1
What is the thousands digit of 6842?
6
What is the thousands digit of 10919?
0
What is the ten thousands digit of 21965?
2
What is the units digit of 1277?
7
What is the hundreds digit of 35146?
1
What is the units digit of 2490?
0
What is the tens digit of 4416?
1
What is the units digit of 1716?
6
What is the tens digit of 30800?
0
What is the units digit of 2122?
2
What is the thousands digit of 87978?
7
What is the units digit of 1973?
3
What is the units digit of 2101?
1
What is the units digit of 11243?
3
What is the units digit of 1668?
8
What is the ten thousands digit of 39394?
3
What is the hundreds digit of 670?
6
What is the units digit of 84402?
2
What is the tens digit of 9579?
7
What is the thousands digit of 2195?
2
What is the ten thousands digit of 161347?
6
What is the units digit of 5800?
0
What is the tens digit of 52272?
7
What is the units digit of 429?
9
What is the ten thousands digit of 45286?
4
What is the units digit of 1474?
4
What is the hundreds digit of 564?
5
What is the units digit of 4187?
7
What is the tens digit of 1663?
6
What is the tens digit of 205?
0
What is the tens digit of 34663?
6
What is the units digit of 19012?
2
What is the units digit of 1675?
5
What is the hundreds digit of 5068?
0
What is the units digit of 16106?
6
What is the hundreds digit of 101?
1
What is the units digit of 1776?
6
What is the units digit of 14353?
3
What is the tens digit of 994?
9
What is the thousands digit of 4005?
4
What is the hundreds digit of 3382?
3
What is the hundreds digit of 124766?
7
What is the hundreds digit of 267?
2
What is the thousands digit of 3050?
3
What is the units digit of 3806?
6
What is the hundreds digit of 49904?
9
What is the hundreds digit of 14901?
9
What is the tens digit of 16256?
5
What is the thousands digit of 111290?
1
What is the tens digit of 30270?
7
What is the hundreds digit of 5855?
8
What is the hundreds digit of 1669?
6
What is the hundreds digit of 76911?
9
What is the hundreds digit of 382?
3
What is the tens digit of 11757?
5
What is the tens digit of 6215?
1
What is the hundreds digit of 109?
1
What is the units digit of 551?
1
What is the hundreds digit of 2686?
6
What is the units digit of 2408?
8
What is the units digit of 8195?
5
What is the units digit of 460?
0
What is the thousands digit of 12456?
2
What is the hundreds digit of 4119?
1
What is the hundreds digit of 22042?
0
What is the thousands digit of 2166?
2
What is the thousands digit of 4619?
4
What is the thousands digit of 84140?
4
What is the ten thousands digit of 10646?
1
What is the tens digit of 1378?
7
What is the hundreds digit of 37602?
6
What is the thousands digit of 5111?
5
What is the tens digit of 172?
7
What is the tens digit of 163?
6
What is the hundreds digit of 103662?
6
What is the units digit of 228?
8
What is the hundreds digit of 4173?
1
What is the units digit of 4887?
7
What is the tens digit of 187194?
9
What is the hundreds digit of 9820?
8
What is the units digit of 47?
7
What is the hundreds digit of 570?
5
What is the units digit of 6399?
9
What is the tens digit of 12207?
0
What is the thousands digit of 1087?
1
What is the units digit of 910?
0
What is the tens digit of 1979?
7
What is the units digit of 267?
7
What is the tens digit of 165?
6
What is the tens digit of 2974?
7
What is the thousands digit of 1512?
1
What is the units digit of 5125?
5
What is the units digit of 345?
5
What is the hundreds digit of 7424?
4
What is the hundreds digit of 106326?
3
What is the tens digit of 577?
7
What is the units digit of 1866?
6
What is the hundreds digit of 10745?
7
What is the tens digit of 18257?
5
What is the tens digit of 934?
3
What is the ten thousands digit of 21452?
2
What is the thousands digit of 18411?
8
What is the units digit of 3372?
2
What is the tens digit of 10936?
3
What is the thousands digit of 10485?
0
What is the units digit of 2229?
9
What is the units digit of 741?
1
What is the tens digit of 10368?
6
What is the hundreds digit of 7222?
2
What is the hundreds digit of 7214?
2
What is the hundreds digit of 7067?
0
What is the thousands digit of 40658?
0
What is the hundreds digit of 810?
8
What is the tens digit of 1728?
2
What is the tens digit of 4518?
1
What is the tens digit of 7083?
8
What is the tens digit of 12857?
5
What is the units digit of 1249?
9
What is the hundreds digit of 1275?
2
What is the tens digit of 337?
3
What is the tens digit of 1482?
8
What is the tens digit of 6564?
6
What is the tens digit of 179?
7
What is the ten thousands digit of 37249?
3
What is the hundreds digit of 11792?
7
What is the thousands digit of 1490?
1
What is the hundreds digit of 953?
9
What is the units digit of 3869?
9
What is the hundreds digit of 1181?
1
What is the units digit of 25954?
4
What is the tens digit of 2066?
6
What is the tens digit of 124807?
0
What is the ten thousands digit of 34424?
3
What is the units digit of 49207?
7
What is the thousands digit of 19128?
9
What is the hundreds digit of 28769?
7
What is the thousands digit of 91508?
1
What is the tens digit of 2242?
4
What is the units digit of 828?
8
What is the hundreds digit of 920?
9
What is the tens digit of 6074?
7
What is the ten thousands digit of 53209?
5
What is the